+ 11021200222202011?
11021200222202022
In base 7, what is -101330 + 134004?
32344
In base 10, what is -19450453 - -5?
-19450448
In base 15, what is -4 + -7303444?
-7303448
In base 2, what is -111110100010101001100101111 + 10?
-111110100010101001100101101
In base 10, what is 10 - -595289?
595299
In base 4, what is -3113 + -112221000?
-112230113
In base 11, what is 35117 + -227?
349a0
In base 4, what is -10231310203332 - -2?
-10231310203330
In base 2, what is -1100010000 + -1001001100101?
-1010101110101
In base 2, what is -1011101111101100 - -10100010000?
-1011011011011100
In base 3, what is 1111012001 - -112102?
1111201110
In base 2, what is 1 - 1110100111110100101?
-1110100111110100100
In base 11, what is 3 + -573a16?
-573a13
In base 3, what is 222110220200102012 - 10?
222110220200102002
In base 16, what is 3e6ed + -187?
3e566
In base 7, what is -546 - 414015?
-414564
In base 10, what is 3 - -3554215?
3554218
In base 14, what is 8bc + 11cc41?
11d71d
In base 5, what is -230424 + 21223?
-204201
In base 11, what is -35a25 + -195?
-3610a
In base 14, what is -30518 + -136?
-30650
In base 12, what is -2 + -60a4642a?
-60a46430
In base 13, what is -10a3c62 + -3?
-10a3c65
In base 3, what is 1200110201 + 220110?
1201101011
In base 13, what is 3684 - -c3?
3777
In base 11, what is 0 + -18515a33?
-18515a33
In base 6, what is -5423015533 + 4?
-5423015525
In base 2, what is -1001100001101 - 1010100100101?
-10100000110010
In base 14, what is 0 + -1cad05d?
-1cad05d
In base 5, what is 331 - 120111?
-114230
In base 12, what is 0 + 2349a350?
2349a350
In base 10, what is 19887 - 6535?
13352
In base 4, what is 3122112302 - -1023?
3122113331
In base 16, what is -6 - -272e7b?
272e75
In base 7, what is -22511301 + -4?
-22511305
In base 8, what is 1 + -655071430?
-655071427
In base 2, what is 100 - 10110111000010100110001001111?
-10110111000010100110001001011
In base 10, what is 28264 - 1642?
26622
In base 13, what is 13 + -253214?
-253201
In base 10, what is 5389 - -6672?
12061
In base 10, what is -2009002 + -2?
-2009004
In base 7, what is 46301660 + -12?
46301645
In base 8, what is -5 - 27270140?
-27270145
In base 8, what is 1467440 + 12?
1467452
In base 11, what is -1 - -6155927?
6155926
In base 9, what is -12026 + -75436?
-87463
In base 10, what is 22559677 - 5?
22559672
In base 4, what is -1120031 + -103001033?
-110121130
In base 15, what is 200 + -5b889?
-5b689
In base 11, what is 15836a289 - 1?
15836a288
In base 15, what is 2626c7 - -ee?
2627c6
In base 5, what is -303021 - -241443?
-11023
In base 11, what is -79884 + -98?
-79971
In base 9, what is 2 + -2270814?
-2270812
In base 6, what is 1050 - -113044034?
113045124
In base 10, what is 0 - -3011004?
3011004
In base 15, what is 2 - -9e13718?
9e1371a
In base 11, what is 144239 + -244?
143aa5
In base 15, what is -b7576 + -4e?
-b75c5
In base 9, what is -6 + -612452?
-612458
In base 6, what is -542 + 15403514?
15402532
In base 13, what is -2784a2a5 + -4?
-2784a2a9
In base 14, what is -d - -d91d7c3?
d91d7b4
In base 11, what is 4 - 67789a?
-677896
In base 9, what is 7 - -38886048?
38886056
In base 12, what is -304 + 56339?
56035
In base 2, what is -1010011101000001 + 11100101100?
-1010000000010101
In base 9, what is 88064417 + -4?
88064413
In base 6, what is -304214033 - 5?
-304214042
In base 3, what is 201021120 + 220020212?
1121112102
In base 4, what is -10 + -10223023210330?
-10223023211000
In base 2, what is 11110 - -111011000101101111?
111011000110001101
In base 7, what is 1305 - -5450?
10055
In base 15, what is 1c066 - 28?
1c03d
In base 10, what is -336 + 410051?
409715
In base 9, what is -132718 + -723?
-133542
In base 12, what is 157 - 91320?
-91185
In base 5, what is 21024302 + -2210?
21022042
In base 16, what is -2b775b4 - 0?
-2b775b4
In base 7, what is 3220 - 13025?
-6505
In base 8, what is -15 + -10636273?
-10636310
In base 3, what is 10 + -21022001001122201?
-21022001001122121
In base 12, what is 2b1a2 + -119?
2b085
In base 7, what is -2250 + 1206331?
1204051
In base 14, what is -c64 + -132c?
-2192
In base 6, what is -554133415 - -1?
-554133414
In base 13, what is 20a7974 + 9?
20a7980
In base 6, what is -2 + -222322430?
-222322432
In base 14, what is 23adbc + c0?
23b09c
In base 16, what is 147c + -4457?
-2fdb
In base 5, what is -422111044 - 403?
-422112002
In base 11, what is -976 + -40714?
-4158a
In base 13, what is -113020 - -253?
-112a9a
In base 7, what is 5535 + -5220?
315
In base 14, what is c0a2 - -24?
c0c6
In base 8, what is -770335 - 7?
-770344
In base 5, what is -40103 - 11011?
-101114
In base 10, what is -23 + -598008?
-598031
In base 7, what is 5065 - 1324642?
-1316544
In base 7, what is 0 - -1043155226?
1043155226
In base 8, what is -34 - 370343666?
-370343722
In base 6, what is -4044125452 - -4?
-4044125444
In base 5, what is 3 + 211101202?
211101210
In base 13, what is 4540 - -3a0?
4910
In base 3, what is 1212000201111202 + -12?
1212000201111120
In base 3, what is -20122220220122 + -111?
-20122220221010
In base 4, what is -30223 - -13323200?
13232311
In base 2, what is 1010000 - 1100101101000011?
-1100101011110011
In base 8, what is -5 - -23051447?
23051442
In base 7, what is -1160265 + 25?
-1160240
In base 6, what is -333 - 152222552?
-152223325
In base 13, what is -2a6 - -2127?
1b51
In base 14, what is 14c1 - 5b2c?
-464b
In base 11, what is -4 + -656914a2?
-656914a6
In base 8, what is -631170430 - 4?
-631170434
In base 15, what is -46 - 38256?
-3829c
In base 2, what is 111001100111100 - -11000010111?
111100101010011
In base 7, what is 15661260 - -2?
15661262
In base 9, what is 0 + -48612262?
-48612262
In base 11, what is -50 + 375453?
375403
In base 4, what is -1021201131 + -2012?
-1021203203
In base 2, what is -10 - -110110010101000010011011?
110110010101000010011001
In base 3, what is 10110011010201222 - 10?
10110011010201212
In base 2, what is 1 + 100111010001010000?
100111010001010001
In base 11, what is 184221 - 106?
184116
In base 12, what is -16690b11 - 1?
-16690b12
In base 13, what is 2951b + -65?
29486
In base 11, what is -1427388 - 1?
-1427389
In base 16, what is -1 + -547109?
-54710a
In base 11, what is -13141a - -43?
-131387
In base 7, what is 31035 + 1146?
32214
In base 11, what is 1 - 61130838?
-61130837
In base 14, what is 3 - 513227c?
-5132279
In base 9, what is 1 + 616064000?
616064001
In base 14, what is 24 - -95817?
9583b
In base 6, what is -2 - 13143121?
-13143123
In base 11, what is -4 + 9237655?
9237651
In base 10, what is 3 - -41205539?
41205542
In base 12, what is 914a4 + -277?
91229
In base 12, what is 2 + -90376818?
-90376816
In base 5, what is -4 - -11442024040?
11442024031
In base 16, what is -184f0d + 4c?
-184ec1
In base 4, what is 10213300 + 300321?
11120221
In base 3, what is 200111210 - 2010?
200102200
In base 10, what is -1783840749 + 4?
-1783840745
In base 2, what is -11001011 - 111010110000101010?
-111010110011110101
In base 4, what is -131120103 - 1010?
-131121113
In base 14, what is 3450c + -121?
343cb
In base 10, what is -39 - -147310?
147271
In base 8, what is 440271 - -534?
441025
In base 7, what is 10 - -303416262?
303416302
In base 7, what is -5 - 50000201?
-50000206
In base 7, what is 1004530 + -11?
1004516
In base 15, what is 7 - 2370d6?
-2370ce
In base 5, what is 144 - 32020001?
-32014302
In base 16, what is 1 + c08a8?
c08a9
In base 5, what is 11043433322 - 2?
11043433320
In base 3, what is -20220022 - -120020012?
22022220
In base 10, what is -5 + 14395920?
14395915
In base 9, what is 32 - 7534803?
-7534761
In base 7, what is 45 + -4431?
-4353
In base 5, what is -1212 - 3023141?
-3024403
In base 15, what is -1e9d - -98b?
-1512
In base 9, what is -5337 - 1223?
-6561
In base 2, what is -101001010001010100 + -1100?
-101001010001100000
In base 16, what is 36c - b78?
-80c
In base 11, what is -120602a - 2?
-1206031
In base 14, what is -c11 - -525c?
444b
In base 2, what is 110100001011100011011 - -10000101?
110100001011110100000
In base 10, what is 5758 + 32963?
38721
In base 9, what is 7712 + 21433?
30245
In base 13, what is 4613 + -3c06?
70a
In base 2, what is -100110001110000111011101110 - 100?
-100110001110000111011110010
In base 5, what is 142 - -201344212?
201344404
In base 7, what is -566250435 + -2?
-566250440
In base 7, what is -335326 - 